ed by 120.
118
Let d(i) = 400*i + 1206. What is the remainder when 235 is divided by d(-3)?
1
Suppose -3*y - 488 = o - 832, 4*y = 16. What is the remainder when o is divided by 107?
11
Suppose 367 = -4*q - 617. Let p = q + 263. Calculate the remainder when 29 is divided by p.
12
Let l(c) = -6*c - 90. Let f be l(-15). Suppose -8*w + f*w + 72 = 0. What is the remainder when 17 is divided by w?
8
Let h(p) = -10*p + 48. Let f = -319 + 323. What is the remainder when h(f) is divided by 2?
0
Let q(i) = i**2 - 5. Suppose 0*z + 4*z = 5*b + 93, -2*z = b - 29. Suppose 0 = -w + 2*w - z. What is the remainder when q(-11) is divided by w?
14
Let w be -2 - -1 - 1/2*104. Let g = w + 59. Calculate the remainder when 41 is divided by g.
5
Suppose -2*a + 2*i + 46 = 0, 31 = 2*a - 8*i + 11*i. Suppose a*f - 73 = -53. What is the remainder when 2 is divided by f?
0
What is the remainder when 683 is divided by -12*44/3168 - (-403)/6?
13
Suppose 431 + 399 - 110 = 8*q. Calculate the remainder when q is divided by 39.
12
Suppose 32*o - 30*o = 2*m - 4, 2*m = 8. Calculate the remainder when 258 is divided by (-6630)/(-117)*3/o.
3
Let p(q) = 4*q + 5*q - 37383*q**2 - 3 + 37385*q**2 + 4*q. Suppose 0 = 4*w - 7 - 9. What is the remainder when p(w) is divided by 21?
18
Let l(w) = -2*w**2 + 86*w - 39. What is the remainder when l(30) is divided by 360?
21
Let x = -7887 + 7908. Suppose 4 = -2*u, 3*u - 2*u = 3*l - 125. Calculate the remainder when l is divided by x.
20
Suppose -19*k + 6 + 70 = 0. Suppose 4*t - 166 = -2*c, 415 = 5*c + 5*t - k*t. What is the remainder when c is divided by (4/(-10))/((-2)/70)?
13
Let m(h) = 16*h**2 - 23*h + 104. Calculate the remainder when m(4) is divided by 223.
45
Suppose -34*s + 24*s = 83*s - 651. Let b = -14 + 22. Let o(p) = -p**2 + 9*p + 3. Calculate the remainder when o(b) is divided by s.
4
Let v be (-2)/9 + (-6)/(-27). Suppose -3*a - 4*i + 22 = 0, -4*a - 4*i + 42 = 18. Suppose -a*w + 6 = -v. Calculate the remainder when w is divided by 2.
1
Suppose 241 = -4*r + 897. Suppose k - 15 = 2*i, -5*k + 7*i + 63 = 9*i. Suppose -k*n = -554 - 174. What is the remainder when r is divided by n?
52
Let g be ((-6)/9)/((-2)/450). Suppose -2*y + 5*y - g = 0. Suppose -6 = t - y. Calculate the remainder when t is divided by 12.
8
Suppose 0 = -2*o - n + 63, 2*o + 4*n - 26 = 76. Let b(y) = y - y**2 + 0*y + 73 - y**3 + 2*y**3. Calculate the remainder when b(0) is divided by o.
23
Suppose -21*f - 2*f + 34125 = 16*f. What is the remainder when f is divided by 16?
11
Let s = 9786 + -8030. What is the remainder when s is divided by 18?
10
Let y be 2/3 + -3*(-78)/(-27). Let v be (y/(-18))/(1 + 7/(-9)). Suppose -4 = -v*h + 12. What is the remainder when 9 is divided by h?
1
Suppose -5922 + 194108 = 15*t + 14951. Calculate the remainder when t is divided by 42.
41
Calculate the remainder when 34/(119/(-7)) + 470 + 0/(-2) is divided by 200.
68
Let o be -11 + 275/22 - (-1)/2. Suppose 12*j = o*j + 950. What is the remainder when j is divided by 14?
11
Let o = -45779 - -45786. Suppose i = -5*l + 4, -63 = -3*i - 0*i + 2*l. Calculate the remainder when i is divided by o.
5
Suppose -59 - 229 = 2*v. Let m = v - -180. What is the remainder when 137 is divided by m?
29
Suppose 0 = 10*i - 9*i - 638. Suppose 645*d - i*d = 392. Calculate the remainder when 218 is divided by d.
50
Let b(o) = -3*o**2 - 16*o - 17. Let v be b(-8). Let t = v - -106. Suppose j + y = -4*j + t, -5*j + 2*y = -10. What is the remainder when 14 is divided by j?
2
Let w(a) = 2*a**2 + 233*a + 921. Let y = 14 - -2. Calculate the remainder when w(-4) is divided by y.
5
Suppose 168*m - 310 = 122*m + 702. Calculate the remainder when 416 is divided by m.
20
Let i be 6/4*6*4/12. Calculate the remainder when i/(7/(2492/12)) is divided by -3 + (-145)/(-7) - (-4)/14.
17
Let u = -296 - -294. What is the remainder when 132 is divided by u - -13 - 32/16?
6
Let a = -14 - -52. Let b = a - 38. What is the remainder when b - -3 - 1*-11 is divided by 8?
6
Suppose -77 + 38 = -13*q. Let s(l) = 49*l + 21. What is the remainder when s(q) is divided by 31?
13
Suppose 119105 = 47*a - 12*a. Calculate the remainder when a is divided by 131.
128
Suppose 0 = -21*j - 0*j + 63. Suppose 3*f + 4 + j = -2*k, -18 = -2*k + 2*f. Calculate the remainder when 34 is divided by k.
2
Let m = -6 + 26. Let r = -5934 - -6051. Calculate the remainder when r is divided by m.
17
Suppose -v + 2*x + 26 = 0, 8*v - 2*v - 100 = 5*x. Let o(i) = -i**3 + i**2 + 4*i. What is the remainder when o(-4) is divided by v?
4
Let s(t) = -366*t + 2992. Calculate the remainder when 81 is divided by s(8).
17
Suppose o + 15*y - 3331 = 13*y, 0 = o + 5*y - 3355. What is the remainder when 9945 is divided by o?
0
Let h be ((-110)/(-15))/(65/(-21) - -3). Let f = h - -206. Calculate the remainder when f is divided by 67.
62
Suppose 31*l - 743 = -5*m + 35*l, 4*m + 5*l - 578 = 0. Calculate the remainder when 564 is divided by m.
123
Calculate the remainder when (-9 - (0 + (-4 - 1) + 3)) + 2881 is divided by 20.
14
Let j(k) = 202*k - 20. Let f be j(6). Suppose 5*v + 3*h = 7*h - 1464, -4*v - f = 2*h. What is the remainder when 23 is divided by v/(-24) - 2/6?
11
What is the remainder when 261 is divided by (-393)/7*(-161)/69?
130
Let w(k) = k**3 - 3*k**2 + k + 2. Let d be w(2). Suppose -3*c + 6 = 0, d*h - c = 5*h + 58. Calculate the remainder when 73 is divided by (4 - (-196)/h)*-3.
36
What is the remainder when 388 is divided by 69/(-2)*(-72)/108?
20
Suppose 2*n + 3*h - 51 = 0, 0 = 4*n - 8*h + 3*h - 47. Suppose 11*f = 14*f + n. Let i = f + 30. Calculate the remainder when 44 is divided by i.
20
Suppose 0 = 34*p - 55*p - 14364. Let n = p + 857. Calculate the remainder when n is divided by 5.
3
Let j = -4529 + 4595. Calculate the remainder when 297 is divided by j.
33
Let g(l) = -l**2 - 3 + 11*l + 25 - 5 + 9. What is the remainder when 122 is divided by g(12)?
10
Let h be (24/(-9))/4*-2493. Suppose 36*g = -258 + h. What is the remainder when 123 is divided by g?
6
Suppose 65 = 5*h + 8*h. What is the remainder when 231 is divided by (100 - 22)*(h/2 - 2)?
36
Let t be (25/((-500)/72))/((-6)/80). Suppose 0 = 2*j + 1 - 45. Let w = t - j. Calculate the remainder when 49 is divided by w.
23
Let u be (-8 - (0 - 5)) + 7. What is the remainder when (-7163)/(-39) - 1/(-3) is divided by ((-148)/(u + 0))/(3 + -4)?
36
Suppose 0*l + 5*o = 2*l - 360, -2*l + 360 = 4*o. Calculate the remainder when l is divided by 142.
38
Suppose -15*w - 21*w = -159 - 1209. What is the remainder when 949 is divided by w?
37
What is the remainder when (700065/(-47))/((-24)/8) is divided by 216?
213
Suppose 112 = 9*i - 5*i. Let a = i + -10. Calculate the remainder when 47 is divided by a.
11
Let d = 56 + -52. Suppose d*y + 3 = 5*y. Calculate the remainder when (-1 - (-5)/y)/(6/45) is divided by 3.
2
Let p be 17370/(-81) - (-4)/9 - 2. Calculate the remainder when 286 is divided by (p/(-63))/(12/112).
30
Let d(s) = 2*s - 4*s + 9*s**2 - 4 + 0*s. Suppose -3*l - 5*v = -71, 4*l = -2*v + v + 106. What is the remainder when d(4) is divided by l?
24
Let s = 18181 + -18170. Calculate the remainder when 2878 is divided by s.
7
What is the remainder when 123 is divided by (-1 - (-7)/14)/((-1)/10)?
3
Suppose -x + 198 = 20*n - 16*n, 4*x = 2*n - 90. What is the remainder when 173 is divided by n?
26
Suppose 35*r - 54 = 51. Suppose 2*w + 2 = 3*o, 3*o + 6 = r*w + 3. Calculate the remainder when 37 is divided by o.
1
Let a = -347 + 353. Suppose 13*n = a*n + 147. Calculate the remainder when 164 is divided by n.
17
Let o be (1/(-1) - 2) + (-9)/(-3). Let z be -2 - o - (0 + 0 - -1). Calculate the remainder when 158 is divided by 1/((-5)/(-100)) - z.
20
Let j(m) = -2*m**2 + 24*m. Calculate the remainder when 64 is divided by j(3).
10
Suppose 0*x = 3*x + 5*a - 37, 0 = a + 4. Suppose 3*l + 80 = 8*l - 2*k, l = k + x. What is the remainder when -117*((-276)/(-36) - 8) is divided by l?
11
Suppose -4*z + 5*y = -1510 - 7247, 4*z - 3*y - 8755 = 0. Calculate the remainder when z is divided by 1092.
4
Let v = -934 - -1416. Suppose 2*i - 318 = -0*i + p, -v = -3*i + 4*p. Suppose 0 = 43*a - 28*a - 600. What is the remainder when i is divided by a?
38
Suppose -3*z + 31 = -5*c, -4*z + c = -2*c - 23. Suppose -z*i + 14 = -122. Calculate the remainder when 